0 + 0 + 3).
-1
What is the value of 5 + (1 - 1) + 150 + -160?
-5
Evaluate 15 + -14 + -7 + 2.
-4
Evaluate -9 - -2 - -1 - -12.
6
What is the value of -4 - ((1 - 5) + -2)?
2
Evaluate 3 + (0 - (8 - 10)).
5
Evaluate 0 - -1 - -2 - (-7 + 8).
2
What is the value of (-21 - 2 - -10) + 14?
1
(-1 - -1) + 0 + -3 + 4
1
1 + -1 - ((-6 - 0) + 4)
2
What is the value of -9 + -14 + 4 + 24?
5
(-1 + -3 - 1) + 5
0
What is the value of -6 + 3 - (-1 - 1)?
-1
What is -4 + (4 - (-1 - -5))?
-4
What is (-3 + 0 - (-3 + -2)) + -4?
-2
Calculate 5 + -2 + (-6 - -4).
1
Evaluate 2 + (-6 - -4 - -1).
1
Calculate -4 - (-1 - -3 - 2).
-4
1 - (-4 + (7 - 0) + -3)
1
Calculate -8 + (11 - (8 - -4)).
-9
3 - (-1 - (3 - (9 + -4)))
2
Calculate (8 - (-5 - -9)) + -1.
3
What is (2 - 0) + (-7 - -3) - 1?
-3
3 + -7 + (7 - 3)
0
What is (-2 - (1 + 0)) + -1 - -2?
-2
What is the value of (4 - 3) + -2 + -1?
-2
Evaluate -4 - -1 - (14 - 18).
1
What is the value of (19 - 20) + -3 + 0?
-4
(-2 - (-6 + 0)) + (-30 - -19)
-7
Evaluate 0 + (-3 - -3) + 4 - -2.
6
What is the value of -5 + -6 + 6 - -4?
-1
What is 2 + 10 + -8 + 3?
7
-14 - (0 + -15) - (1 - 4)
4
What is the value of (3 - -1) + (10 - 10)?
4
Evaluate -4 - (1 + 0 - 4).
-1
0 - (2 - 7 - -4)
1
(-1 - -4) + (3 + -11 - -1)
-4
Calculate -7 + 1 - (11 + -13 + -4).
0
What is -3 - (-9 - (3 - 7))?
2
Evaluate 3 - 1 - 3 - (20 - 28).
7
2 + (-5 - -2 - -4)
3
What is the value of -3 + (2 - (4 - (-1 + 3)))?
-3
-12 - (-2 + 2) - -10
-2
Evaluate -5 - (-13 + 1 + 3).
4
Calculate -1 + (4 - -1) + -8.
-4
What is the value of -1 + 4 - (-4 - -3)?
4
1 + 3 - (0 - -6)
-2
-12 - -30 - 20 - (-1 - 5)
4
What is the value of (3 - 9) + 6 - 2?
-2
Calculate (29 - 29) + (8 - 1).
7
Evaluate -4 + 0 - ((-18 - -13) + 2).
-1
What is 6 + -8 + 7 + -3?
2
-3 - (1 + -3 + -5)
4
What is the value of 3 - (-3 + (3 - 2))?
5
What is the value of -5 - (-4 - (-3 + 1))?
-3
Evaluate (25 - 26) + (-3 - 0 - -7).
3
Evaluate 3 - 7 - -3 - (-12 + 3).
8
Evaluate -7 + -11 + 3 + 8.
-7
What is 4 - (6 + 6 + -4) - -11?
7
Calculate -1 + 4 + -7 - -2.
-2
-2 + 4 + -3 + 3 + -5
-3
Evaluate -4 - (3 + -5 + 3) - -3.
-2
Calculate 18 - 25 - (1 - 6).
-2
What is the value of -4 + (-7 - -11 - 4) + 0?
-4
What is the value of (-27 + 34 - (0 - -6)) + 2?
3
Calculate 3 - (6 - 4) - -4.
5
What is the value of -6 + -4 + 7 + 0?
-3
What is -1 + 0 + 3 + 7 + -9?
0
-4 + 3 - -3 - -3
5
Evaluate 2 + (-5 - -2) + -13 + 14.
0
What is the value of -13 + 12 + 2 + 2?
3
-2 - 1 - (-21 - -24)
-6
Calculate 0 - ((1 - -1) + (-5 - -2)).
1
Calculate -7 - (5 - (4 + 9)).
1
0 + (1 - (17 + -7))
-9
5 - (11 - (2 - (0 - 0)))
-4
What is the value of 0 + -1 - -5 - (0 - 2)?
6
(2 - 0) + (-1 - -2) + -4
-1
3 + -2 + 0 + -5 - -1
-3
-6 - (-11 - (-1 - 9))
-5
What is the value of (4 - 2) + 2 + -5?
-1
What is 0 + (-4 - -4) - -6 - 6?
0
What is the value of -4 + -12 - (7 - 13) - -4?
-6
Evaluate -1 + -3 - (7 - 8).
-3
What is 0 + -4 - ((-3 - -5) + -1)?
-5
Calculate -2 + 3 + 3 + -9.
-5
(-4 - (6 - 11)) + 1
2
6 - (15 - 3) - -15
9
Evaluate 5 + (-6 - (-3 - 2)).
4
4 + -4 + 2 - -2
4
Evaluate -5 - ((4 - 1) + -3 + 0).
-5
Calculate 3 + -3 + -5 + 0.
-5
6 - (1 + 1) - (18 - 18)
4
-2 - (-1 - ((-8 - -5) + -1))
-5
Evaluate (-2 - 5) + 2 + 10.
5
Calculate 5 - (0 + 4) - -4.
5
What is the value of 0 + (-4 - (-5 + 4)) + 2?
-1
What is the value of 8 - (5 - 5 - -3)?
5
What is the value of (8 - (5 - -6)) + -1?
-4
-6 + -1 + -3 + 6 - -5
1
2 + -2 + -3 + -2
-5
What is the value of 1 - (-8 + 16 - 1)?
-6
What is the value of (11 - (8 + 6)) + 2?
-1
What is 22 + -16 - (1 + -1)?
6
What is the value of (-1 - 4) + (-44 - -46)?
-3
What is the value of 7 + 0 + 13 + -13?
7
-22 - (-6 + -2 - 7)
-7
Evaluate -4 - (-4 - 3) - 0.
3
12 + -3 + (-8 - 2) + 7
6
Evaluate (-1 - 2) + -5 - 2.
-10
Calculate (-4 - (-5 - (10 - 2))) + -3.
6
What is the value of 1 - (-3 + (-1 - -3)) - 6?
-4
-2 + (3 - 5) - -8
4
Evaluate 0 - (-1 - (4 + -6)).
-1
Evaluate -2 - (1 - (4 - 1) - -3).
-3
12 + 1 + 2 - 10
5
Evaluate 5 + (6 - 0 - 1).
10
Calculate 3 + -4 + 1 - (3 + -1).
-2
Evaluate 2 + -3 + -2 + 0 - 2.
-5
Calculate 0 + 0 - 1 - -4.
3
Calculate -1 + (0 - 1) + (-28 - -31).
1
What is 4 + -3 + 1 + 0?
2
What is 1 + 0 + (1 - (3 + -3))?
2
Calculate 6 - (-4 - (-7 - (3 + 2))).
-2
What is 9 - 3 - (5 + -1)?
2
22 + -27 + (-3 - -5 - -1)
-2
Evaluate -8 + 8 + (3 - 12).
-9
3 + 3 + -2 + -4 - -3
3
What is -7 + 4 + 6 - 6?
-3
What is the value of -11 - -8 - (-2 - -1)?
-2
What is the value of -1 - (0 + 0) - (3 - 7)?
3
What is 2 + -3 + (1 - 1) + 4?
3
Calculate (-2 - -5) + (10 - 13).
0
Evaluate -2 + 4 - (-3 + -3 + 3).
5
What is (2 + 2 - 3) + -7 + 6?
0
What is (1 - -5) + -22 + (-8 - -23)?
-1
What is the value of -1 - (6 - 8 - 3)?
4
What is the value of 2 - (1 + 4 - (-3 + -4))?
-10
What is -12 - (-8 - 5) - -9?
10
Evaluate 5 - (5 + -7) - 0.
7
What is the value of -6 + -4 + 3 - -10?
3
What is -5 - -10 - (12 + (-2 - -1))?
-6
What is -8 - (-8 + 5 + 0 - -2)?
-7
Calculate 7 - (10 - -1) - (-2 - 1).
-1
-6 - (4 - (4 + -6) - 12)
0
What is the value of -16 + 9 + (0 - -16)?
9
Evaluate 6 + 6 + -14 - -3.
1
(4 + 0 - 8 - -12) + -14
-6
Calculate (1 - -3) + (-2 - (-7 - -5)).
4
What is 12 + -5 + 3 + -10 + -1?
-1
What is the value of (-19 + 7 - -2) + 0 + 5?
-5
What is the value of (-23 - -6) + 14 - (-9 + 1)?
5
-13 + 5 - (-6 + -6)
4
Calculate -1 + (-6 + -9 - -5) + 5.
-6
What is the value of 0 + -1 + 3 - 1?
1
1 + -2 - (-4 + -2)
5
Evaluate 0 + -1 + -1 + 4.
2
Evaluate 0 - 3 - (19 - 16) - -2.
-4
-6 + 8 + -2 - (-1 - -4)
-3
Calculate -1 + -1 + -3 - -3.
-2
What is the value of -2 + 1 - (5 + -2)?
-4
What is 10 + (4 - 5) - 6?
3
Evaluate 3 + 3 + -9 + 1 + -1.
-3
Calculate -2 + 4 - 6 - (-8 - 1).
5
What is the value of -8 + 10 - (5 - 10)?
7
(-4 - ((4 - 5) + 3)) + 3
-3
Calculate (6 - 4) + 6 - 3.
5
What is 3 + -3 - (5 - (3 + -2))?
-4
(-4 + 6 - 3) + 0 + 2
1
Calculate 4 - (-2 + 4 + 5).
-3
What is -3 - 3 - -3 - (-5 - -2)?
0
What is the value of -18 - -19 - (-1 + 0)?
2
What is -7 - (-4 + (-2 - -3)) - 0?
-4
What is -21 + 16 - (2 + -3 - 3)?
-1
What is 2 + -1 + 0 - (3 + 1)?
-3
8 + -5 - ((3 - 2) + -1)
3
2 + 2 + 0 + -5 + -1
-2
Calculate -5 + -2 + 2 + (25 - 23).
-3
What is the value of -2 - (5 + -6 + (-4 - -5))?
-2
Evaluate 7 + 6 + -3 + -6.
4
3 + (6 - (-4 + 9))
4
Evaluate 5 + -16 - 4 - -11.
-4
Calculate -14 + (-1 - -14) + 5.
4
What is -30 - -27 - (-1 + -1)?
-1
(-2 - (1 + -1)) + 6 - 8
-4
Calculate 3 - (5 + (-1 - 3)).
2
1 + -4 + 8 + -4
1
(5 - (3 + -1)) + -2 - -1
2
What is 1 - (1 + -2 + -5 - -5)?
2
3 + (1 - (3 - -2))
-1
Calculate 3 - 1 - (-58 + 59) - -6.
7
-32 + 25 + -2 + 12
3
(-5 - (-12 - -17)) + 2 + 0
-8
What is 1 - (4 + 2 + -1)?
-4
What is 3 + 5 + -9 - (1 + -1)?
-1
Evaluate 9 + -3 + (-3 + 0 - -8).
11
13 + -12 + 4 + -2
3
Evaluate 1 + 0 + -5 + -1.
-5
Calculate -2 - ((-12 - -5) + 5).
0
Calculate 0 + -4 + (-2 - -1) + 9.
4
What is the value of -1 + -4 + 1 + 1?
-3
5 + 1 + -3 + -8
-5
What is 0 + 0 + 1 + 6 + -4?
3
What is 2 + -1 + 2 - (2 + 3)?
-2
Evaluate (7 - 3) + 0 + -3.
1
Calculate 0 + -3 + 4 + -6.
-5
What is -3 - (2 - 7 - -5)?
-3
5 + (-5 - -4) + -3
1
What is the value of (123 - 125) + 1 + 5?
4
What is the value of 89 + -90 - (1 + -8)?
6
Calculate 1 + 4 + (3 + 2 - 5).
5
What is the value of -1 + 7 + (5 - 8 - -3)?
6
What is -8 + (11 - 13) - 0?
-10
0 + 11 + -24 + 21
8
3 + 5 + (7 - 14) + 7
8
Evaluate 8 + 0 - (3 + (0 - -1)).
4
Calculate 1 - (7 + (-1 - 3)).
-2
What is 8 + (-5 - 20) + 11?
-6
What is the value of -10 + (-5 - (-18 - -2))?
1
-6 + (0 - (-4 - -2))
-4
Calculate 21 - 13 - (0 - 1) - 5.
4
Calculate -4 - 0 - (9 - (-4 + 12)).
-5
2 + -7 + (12 - (3 + 7))
-3
-12 - (-8 + 0) - -13
9
Evaluate 5 + -1 + (0 - 0).
4
Evaluate (-2 - 0) + (5 - 2).
1
What is -5 + (-15 - -23) + 1 + -2?
2
What is the value of -5 - (5 + -14) - 7?
-3
Calculate (-6 - -4) + 0 + 1 + -1.
-2
Calculate -4 + (5 - (2 + -1 + 2)).
-2
What is 0 - -1 - 4 - (7 + -8)?
-2
What is 4 - (-1 + 10) - -11?
6
What is the value of 0 - (1 + 4 - (-5 - -5))?
-5
What is 8 + -5 - (1 + 9)?
-7
Calculate -1 - -3 - (0 - -1 - 3).
4
Evaluate -3 + 1 + 4 + -3.
-1
Evaluate -8 + (-8 - -7 - -8) + 5.
4
Evaluate -3 + 7 + 0 + 0 + -3.
1
What is -3 - ((1 - (1 - 5)) + -11)?
3
What is the value of -4 + 13 + -3 - 2?
4
Evaluate (-7 - -10) + -1 - (3 - 1).
0
Calculate (-5 + 2 + 7 - 8) + 3.
-1
What is the value of -7 + 2 + -118 + 118?
-5
-3 + 8 + -5 - 6
-6
-20 - -15 - (-3 - -4)
-6
What is 9 + -13 - (2 + -11)?
5
What is 